the greatest common divisor of 19 and l.
19
Let l(v) = v - 10. Let q be l(13). Calculate the greatest common factor of 3 and q.
3
Let u(w) = 2*w + 1. Let l(g) = -3*g - 2. Let y(b) = 4*l(b) + 5*u(b). Let m be y(-2). What is the highest common divisor of 1 and m?
1
Suppose -x = 4*m - 20, x - 3*x + 16 = 4*m. What is the greatest common divisor of m and 24?
6
Suppose 16*d = 13*d + 9. What is the greatest common factor of d and 48?
3
Let h be (4/(-2))/(3/(-24)). Let i = h + 8. Calculate the highest common divisor of 8 and i.
8
Suppose 3*c = 38 + 58. Let j(z) = 7*z**2 + 4*z + 5. Let s be j(3). Calculate the highest common divisor of s and c.
16
Suppose 3*j + 2*j - 90 = 0. Suppose -1 = -4*k + 11. Calculate the greatest common factor of k and j.
3
Suppose -q = 3*q - 5*t - 325, 25 = -5*t. Let w(m) = 2*m**2 - 6*m + 5. Let n be w(5). What is the highest common divisor of n and q?
25
Suppose -5*n + 105 = -0*n. Calculate the greatest common factor of 105 and n.
21
Suppose -2*f = -7*f + 75. Let r = f - 11. Let c be (209/r)/(7/28). Calculate the greatest common divisor of 19 and c.
19
Let x(p) = -p**3 + 7*p**2 + 4*p - 15. Let s be x(7). What is the highest common factor of s and 52?
13
Suppose -a + 43 = -65. Suppose -g = -2*b - 20 - 2, g - 27 = 3*b. What is the highest common factor of g and a?
12
Suppose 29 = 3*g + 2*u - 14, 40 = 5*g - 3*u. Suppose -3*p = p - 44. Calculate the highest common factor of p and g.
11
Let r = -35 - -50. What is the highest common divisor of 45 and r?
15
Let w(m) = 39*m**2 - 1. Let b be w(1). What is the greatest common factor of 95 and b?
19
Let t(o) = 2*o + 2. Let x be t(7). Calculate the highest common divisor of 40 and x.
8
Suppose -g + 11 + 2 = 0. Calculate the greatest common factor of g and 13.
13
Let c(n) = -n**3 - 28*n**2 + 48. Let m be c(-28). Suppose 0*y + 216 = 3*o + 3*y, 0 = 2*o + 5*y - 144. Calculate the highest common factor of m and o.
24
Let b be (2 + -1)/(2/4). Let l = 1 + b. Let k(u) = u**2 - u + 1. Let h be k(1). Calculate the highest common divisor of h and l.
1
Suppose 4*a + 4*i - 48 = 0, 60 = 5*a + 6*i - 2*i. Suppose -2*o + 130 = 34. Calculate the highest common divisor of a and o.
12
Let s(c) = c - 6. Let w be s(9). Suppose -w*p - 2*p = -10. Suppose -p*z - 5*g = -89, -129 = -3*z + g - 4*g. Calculate the greatest common divisor of z and 28.
14
Let s = 145 + -97. Calculate the greatest common divisor of s and 16.
16
Suppose 0*z + 6 = -2*z. Let w be (z/(-6))/(3/6). Calculate the highest common divisor of 10 and w.
1
Suppose 0 = 3*v + 2 - 62. What is the greatest common factor of 80 and v?
20
Let l(c) = -7*c + 6. Let t be l(-7). Let z be 3/(-15) + 112/10. Calculate the greatest common divisor of t and z.
11
Suppose 2*o = -3*z - 0*z + 37, 0 = -4*o - 2*z + 62. What is the greatest common factor of o and 154?
14
Let l(j) = 18*j**2 - j + 1. Let d be l(1). Calculate the greatest common factor of 6 and d.
6
Let o = 11 + 4. Calculate the highest common factor of 6 and o.
3
Suppose 2*n = 6 - 2. Suppose -2*d + 12 = n. Calculate the greatest common factor of d and 25.
5
Let y(m) = 0*m**2 + 3*m**2 + 0*m**2 + 5 - 2 - 5*m. Let f be y(3). Calculate the greatest common factor of 135 and f.
15
Let x be ((-116)/6)/((-40)/60). Let h(u) = -6*u**3 + 4*u**2 + 2*u - 2. Let f be h(-2). Calculate the greatest common divisor of f and x.
29
Suppose 9*s - 5*x - 340 = 4*s, s = -4*x + 58. Let z = s + -30. Calculate the greatest common factor of 9 and z.
9
Suppose 70 = o + 2*c, c - 433 + 118 = -4*o. What is the greatest common divisor of o and 20?
20
Let l(w) = -w**2 - 5*w + 27. Let q be l(-8). Calculate the greatest common factor of 1 and q.
1
Let v(u) = u**3 - 4*u**2 + 2*u + 7. Let l be v(3). Let p = -3 - -9. Calculate the highest common factor of p and l.
2
Suppose 0 = 2*m + 2*j + 14, 35 = -5*m + 5*j - 30. Suppose -5*p = -21 + 151. Let y = m - p. Calculate the highest common divisor of 64 and y.
16
Let u = -51 - -156. Calculate the highest common divisor of u and 15.
15
Let b be -1 - (-1 - 0) - -13. Let h = 19 + 72. Calculate the greatest common factor of h and b.
13
Let i(k) = -k + 7. Let h be i(6). Suppose 3*w = -1 + 4. Calculate the highest common factor of w and h.
1
Let z(w) = -1 + 7*w**2 - 2*w - 3 + 2 - w**3 - 2*w**2. Let i be z(4). Calculate the greatest common factor of 15 and i.
3
Suppose 76 = -2*o + 6*o. Suppose -s + o = -11. Calculate the highest common factor of 6 and s.
6
Let b(n) = 6*n + 8. Let w be b(3). What is the greatest common factor of 52 and w?
26
Let s(z) = -z**3 + 5*z**2 + 17*z - 6. Let g be s(7). What is the highest common divisor of 5 and g?
5
Let x be ((-18)/15)/((-4)/60). Calculate the highest common factor of x and 108.
18
Let n = -29 - 30. Let d = -25 - n. Let c be -2 + (3 - 1 - -85). What is the greatest common divisor of d and c?
17
Suppose 0 = 2*r + 4*u - 54, -r + 0*u = u - 26. What is the highest common divisor of r and 175?
25
Let k be (14/8)/((-1)/(-8)). What is the highest common factor of 14 and k?
14
Let v be 0/(-3) + 2 - -40. Let n = 159 - v. Suppose t + 2*t - n = 0. What is the greatest common factor of 26 and t?
13
Let b be -2 + 2 - (1 + -4). Let j = b - -3. What is the greatest common factor of 30 and j?
6
Let p(y) = y**2 - y + 2 - 4 + 0*y**2. Let m be p(8). Calculate the highest common divisor of m and 6.
6
Let w be (-1 + 31)*4/10. Suppose w + 39 = 3*u. What is the greatest common divisor of 17 and u?
17
Let k(y) = 3*y - 18. Let p be k(9). Calculate the highest common divisor of 6 and p.
3
Let k be (7/3)/((-1)/(-6)). Let c = -4 + k. Suppose m - 6 = c. Calculate the highest common divisor of 16 and m.
16
Let w be (-255)/(-8) - 3/(-24). Calculate the highest common factor of w and 4.
4
Let p be (-2 + 3)/((-2)/(-22)). Let d = p - 1. What is the highest common factor of 40 and d?
10
Let s be (-510)/12*-1*2. Let m = s - 15. Calculate the highest common divisor of m and 10.
10
Suppose k + 6*c - 3*c = 21, c - 27 = -k. Let j(q) = -4*q. Let p be j(-5). Calculate the greatest common divisor of p and k.
10
Suppose -4*u = -u - 24. Let m = u + 69. Calculate the greatest common divisor of 11 and m.
11
Suppose -4*n + 136 = -2*t, 2*n - 100 = -n + t. Calculate the greatest common factor of n and 4.
4
Let b(f) = -f**3 + 9*f**2 + 7*f - 9. Let d be b(9). Let m be 530/(-6) - 1/(-3). Let o be m/(-9) + 12/d. Calculate the greatest common factor of o and 50.
10
Let k = 97 - 95. Calculate the highest common factor of 8 and k.
2
Let v(s) = -311*s**3 + s**2 + s - 1. Let a be v(1). Let z = -148 - a. Suppose 2*b - 5*b = -z. What is the greatest common factor of 18 and b?
18
Suppose -3*l + 168 = -0*l. Let k be ((-1)/(-2))/(2/l). Suppose 67 = 2*u + 5*f, -31 = -u - 2*f - 0*f. What is the highest common divisor of u and k?
7
Let y be -3*(-5)/(45/(-6)). Let n be (-3 - -7) + y + -2. Suppose x - 8 = -n*x. Calculate the highest common divisor of x and 8.
8
Let i = -268 - -388. Calculate the highest common divisor of 48 and i.
24
Suppose 0 = -j + 2*j - 162. Calculate the greatest common factor of 18 and j.
18
Let y = 57 + -51. Let k be 1 - -25 - (-2)/(-1). What is the greatest common factor of y and k?
6
Let h(n) = -3*n + 2. Let b be h(-3). What is the greatest common divisor of b and 33?
11
Suppose l - 2*d = 86, l - 4*d + 5*d = 77. Calculate the greatest common divisor of 16 and l.
16
Let h be ((-22)/11)/(2/(-29)). Let r = h + -18. What is the greatest common divisor of r and 55?
11
Let p be 159/4 + 13/52. Suppose 4*n - 30 = n. Calculate the highest common factor of n and p.
10
Suppose -21 = -20*t + 17*t. Let a = 251 + -57. Suppose f - 4*f + a = 5*o, -o + 316 = 5*f. What is the highest common divisor of f and t?
7
Let a = -10 - -5. Let i be (1 + 24/(-15))*a. Suppose 3*y - 3 = i. Calculate the highest common divisor of 6 and y.
2
Let j(u) = u**3 + 7*u**2 - 4*u - 10. Let v be j(-7). Calculate the greatest common factor of 6 and v.
6
Suppose 7*v - 3*v - 32 = 0. Let r(w) = -26*w + 2. Let i(a) = -a. Let s(z) = 5*i(z) + r(z). Let n be s(-2). What is the highest common factor of n and v?
8
Suppose -21 + 63 = 3*h. Let t = 7 - 2. Suppose -3*b = 2*b + 5, -t*q + 176 = -b. What is the greatest common factor of h and q?
7
Let x be 6*(-4)/(-18)*9. Suppose -f = -6 - 30. Calculate the highest common divisor of f and x.
12
Let h be 4210/35 -